{"id":14,"date":"2021-08-11T23:28:27","date_gmt":"2021-08-11T21:28:27","guid":{"rendered":"http:\/\/ougeohn.cluster031.hosting.ovh.net\/?page_id=14"},"modified":"2026-08-18T15:47:07","modified_gmt":"2026-08-18T13:47:07","slug":"accueil","status":"publish","type":"page","link":"https:\/\/www.meylanplongee.fr\/","title":{"rendered":"Accueil"},"content":{"rendered":"\n<p class=\"wp-block-paragraph\">MEYLAN Plong\u00e9e est un club de Plong\u00e9e et d&rsquo;Apn\u00e9e Associatif de la r\u00e9gion Grenobloise.<\/p>\n\n\n\n<p class=\"wp-block-paragraph\">Cr\u00e9e il y a plus de 30 ans, nous nous retrouvons autour de la pratique de la Plong\u00e9e Sous-Marine.<br>Nouveaut\u00e9s de cette ann\u00e9e : \ud83c\udf0a Cr\u00e9ation de la section apn\u00e9e les lundis et cr\u00e9ation de la section Sport Sant\u00e9 les vendredis<\/p>\n\n\n\n<p class=\"wp-block-paragraph\">Nos activit\u00e9s se d\u00e9roulent les lundis pour l&rsquo;apn\u00e9e, les mardis pour la plong\u00e9e avec les jeunes, les mercredis pour la plong\u00e9e avec les adultes \u00e0 la <a href=\"https:\/\/www.meylan.fr\/49-piscine.htm\" target=\"_blank\" rel=\"noreferrer noopener\">Piscine des Buclos de Meylan<\/a> de 19h30 \u00e0 21h30 et les vendredis Sport Sant\u00e9 uniquement de 19h15 \u00e0 20h15 \u00e0 la <a href=\"https:\/\/www.meylan.fr\/49-piscine.htm\" target=\"_blank\" rel=\"noreferrer noopener\">Piscine des Buclos de Meylan<\/a> hors vacances scolaires pour la formation et l&rsquo;entrainement physique.<\/p>\n\n\n\n<p class=\"wp-block-paragraph\">Pour la pratique en milieu naturel, nous organisons des week-ends sur la c\u00f4te M\u00e9diterran\u00e9enne d&rsquo;Avril \u00e0 Novembre.<\/p>\n\n\n\n<video autoplay muted playsinline loop width=\"100%\">\n  <source src=\"https:\/\/www.meylanplongee.fr\/wp-content\/uploads\/2025\/09\/WhatsApp-Video-2025-06-29-at-22.12.41.mp4\" type=\"video\/mp4\">\n  Ton navigateur ne supporte pas la vid\u00e9o HTML5.\n<\/video>\n","protected":false},"excerpt":{"rendered":"<p>MEYLAN Plong\u00e9e est un club de Plong\u00e9e et d&rsquo;Apn\u00e9e Associatif de la r\u00e9gion Grenobloise. Cr\u00e9e il y a plus de 30 ans, nous nous retrouvons autour de la pratique de la Plong\u00e9e Sous-Marine.Nouveaut\u00e9s de cette ann\u00e9e : \ud83c\udf0a Cr\u00e9ation de la section apn\u00e9e les lundis et cr\u00e9ation de la section Sport Sant\u00e9 les vendredis Nos &hellip; <\/p>\n<p class=\"link-more\"><a href=\"https:\/\/www.meylanplongee.fr\/\" class=\"more-link\">Continuer la lecture<span class=\"screen-reader-text\"> de &laquo;&nbsp;Accueil&nbsp;&raquo;<\/span><\/a><\/p>\n","protected":false},"author":1,"featured_media":0,"parent":0,"menu_order":0,"comment_status":"closed","ping_status":"closed","template":"","meta":{"footnotes":""},"class_list":["post-14","page","type-page","status-publish","hentry"],"_links":{"self":[{"href":"https:\/\/www.meylanplongee.fr\/index.php\/wp-json\/wp\/v2\/pages\/14","targetHints":{"allow":["GET"]}}],"collection":[{"href":"https:\/\/www.meylanplongee.fr\/index.php\/wp-json\/wp\/v2\/pages"}],"about":[{"href":"https:\/\/www.meylanplongee.fr\/index.php\/wp-json\/wp\/v2\/types\/page"}],"author":[{"embeddable":true,"href":"https:\/\/www.meylanplongee.fr\/index.php\/wp-json\/wp\/v2\/users\/1"}],"replies":[{"embeddable":true,"href":"https:\/\/www.meylanplongee.fr\/index.php\/wp-json\/wp\/v2\/comments?post=14"}],"version-history":[{"count":12,"href":"https:\/\/www.meylanplongee.fr\/index.php\/wp-json\/wp\/v2\/pages\/14\/revisions"}],"predecessor-version":[{"id":242,"href":"https:\/\/www.meylanplongee.fr\/index.php\/wp-json\/wp\/v2\/pages\/14\/revisions\/242"}],"wp:attachment":[{"href":"https:\/\/www.meylanplongee.fr\/index.php\/wp-json\/wp\/v2\/media?parent=14"}],"curies":[{"name":"wp","href":"https:\/\/api.w.org\/{rel}","templated":true}]}}

<p class="wp-block-paragraph">MEYLAN Plongée est un club de Plongée et d&rsquo;Apnée Associatif de la région Grenobloise.</p>



<p class="wp-block-paragraph">Crée il y a plus de 30 ans, nous nous retrouvons autour de la pratique de la Plongée Sous-Marine.<br>Nouveautés de cette année : 🌊 Création de la section apnée les lundis et création de la section Sport Santé les vendredis</p>



<p class="wp-block-paragraph">Nos activités se déroulent les lundis pour l&rsquo;apnée, les mardis pour la plongée avec les jeunes, les mercredis pour la plongée avec les adultes à la <a href="https://www.meylan.fr/49-piscine.htm" target="_blank" rel="noreferrer noopener">Piscine des Buclos de Meylan</a> de 19h30 à 21h30 et les vendredis Sport Santé uniquement de 19h15 à 20h15 à la <a href="https://www.meylan.fr/49-piscine.htm" target="_blank" rel="noreferrer noopener">Piscine des Buclos de Meylan</a> hors vacances scolaires pour la formation et l&rsquo;entrainement physique.</p>



<p class="wp-block-paragraph">Pour la pratique en milieu naturel, nous organisons des week-ends sur la côte Méditerranéenne d&rsquo;Avril à Novembre.</p>



<video autoplay muted playsinline loop width="100%">
  <source src="https://www.meylanplongee.fr/wp-content/uploads/2025/09/WhatsApp-Video-2025-06-29-at-22.12.41.mp4" type="video/mp4">
  Ton navigateur ne supporte pas la vidéo HTML5.
</video>

<p>MEYLAN Plongée est un club de Plongée et d&rsquo;Apnée Associatif de la région Grenobloise. Crée il y a plus de 30 ans, nous nous retrouvons autour de la pratique de la Plongée Sous-Marine.Nouveautés de cette année : 🌊 Création de la section apnée les lundis et création de la section Sport Santé les vendredis Nos &hellip; </p>
<p class="link-more"><a href="https://www.meylanplongee.fr/" class="more-link">Continuer la lecture<span class="screen-reader-text"> de &laquo;&nbsp;Accueil&nbsp;&raquo;</span></a></p>
